. Let i be l(-4). Calculate r(i).
-10
Let l(o) = -o - 1. Let j(f) = -2*f**2 - 6*f + 5. Let r(z) = 2*z**2 + 7*z - 6. Let b(y) = 6*j(y) + 5*r(y). Let s be b(-2). Determine l(s).
5
Suppose z + 7*z - 16 = 0. Suppose -5*w = -12 + 2. Let g(i) = -i - 3*i + i**w + 2 + 2*i. Calculate g(z).
2
Suppose 4*x - h - 4 = 4*h, -14 = -3*x + h. Let l be (-28)/14 - ((-36)/3)/3. Let y(b) = -27*b - 3 + 2*b**2 - 3*b**l - 28*b + 61*b. Give y(x).
-3
Let t = 679 + -677. Let p(q) = 6*q. What is p(t)?
12
Suppose 5*a + 4 = -11. Let z(d) = -d**2 - 2*d + 4. Let r be z(a). Let v(o) = -o. Determine v(r).
-1
Let o = -14 + 17. Let g(b) = 71*b + 2*b**o + 3*b**2 - 3*b**3 - 75*b. What is g(3)?
-12
Let c(g) = 440*g - 18*g**2 - 440*g. Give c(-1).
-18
Let i(w) = -w**2 - 2*w + 6. Suppose 6 = 2*f + 10. Let c be -4 - 1 - f/(-2). What is i(c)?
-18
Let r(c) = 2*c**3 - 2*c**2 - c. Let z be 1/3 - (-4)/6. Suppose -2*u = 3*o - 14, 11 = 4*o + 4*u - 13. Suppose -v = o - z. Determine r(v).
-3
Suppose 5*h + 2*v - 4 - 41 = 0, -4*v = 0. Let m(i) = i**3 - 11*i**2 + 18*i + 3. Give m(h).
3
Let g(j) = -j**3 + 3*j**2 - 3*j - 4. Let s be 48/28 - (-2)/7. Let d be g(s). Let u be ((-14)/(-3))/((-4)/d). Let a(f) = -f + 7. What is a(u)?
0
Let x(a) be the first derivative of a**2 + a**2 + 0*a**2 - a - 4*a**2 + 1. Give x(1).
-5
Let r = 64 - 62. Let m(w) = -225*w**r - 1 + 224*w**2 - 6*w - 1. Let i = -2 - 4. Give m(i).
-2
Suppose 4*v + 3*z - 15 = 6*v, -2*v - 21 = -5*z. Let t(w) = 2*w**3 + 3*w**2 - w + 1. Calculate t(v).
-23
Let q = 47 + -31. Let n(z) = z**3 + 16*z**2 - 21*z - 66. Let h be n(-17). Let b(d) = 0*d - 6 - h + q - d. Determine b(4).
4
Let p(r) = 4*r**3 + 2*r**2 + r. Let u be p(-1). Suppose -8*o + 32 = 8*o. Let d(l) = -6 + 11 - o*l - 4 + 0*l. Give d(u).
7
Let j(y) = 2*y**3 + 12*y**2 - 10*y - 5. Let l(d) = d**2 - 2*d - 1. Let x(i) = -j(i) + 6*l(i). Give x(-3).
5
Let u(w) be the third derivative of -w**5/120 + w**4/6 + 2*w**3 + 7*w**2. Let p(r) be the first derivative of u(r). Determine p(7).
-3
Let s(m) = 8*m**2. Suppose -9*y + 4*y = -5*n + 280, -4*y - 5*n - 179 = 0. Let r be 6/(-4)*34/y. Calculate s(r).
8
Let v(d) be the second derivative of 7/2*d**2 + 9*d + 1/3*d**3 + 0. Give v(5).
17
Let m(j) be the first derivative of -j**6/120 + j**5/10 - j**4/6 + 4*j**3/3 + 19*j**2/2 - 9. Let a(r) be the second derivative of m(r). What is a(6)?
-16
Let v = 71 - 99. Let l = v - -23. Let n(o) = -o**3 - 6*o**2 - 5*o - 2. What is n(l)?
-2
Let r(o) = -o**2 + 4*o + 1. Let q be ((-168)/10)/(-4) - (-24)/(-120). Determine r(q).
1
Let i(c) = -4*c**2 + 2*c - 13. Let a(q) = 5*q**2 - 2*q + 10. Let m(w) = 4*a(w) + 3*i(w). Determine m(1).
7
Let x(i) = i**2 + i + 1. Let s(j) = 4*j**2 - j. Let n(v) = -s(v) + 5*x(v). What is n(-7)?
12
Let r(x) = 13*x**3 - 81*x**2 + 15*x - 10. Let l(m) = -7*m**3 + 43*m**2 - 7*m + 5. Let w(b) = -11*l(b) - 6*r(b). Calculate w(12).
-7
Suppose 0*s + 18 = 3*s. Let n be 30/4*8/s. Let d = n + -7. Let l(b) = -2*b**2 + 2*b + 2. What is l(d)?
-10
Let i(y) = 0*y + 5*y + 3*y. Let s be i(1). Suppose s*g = 3*g. Let u(p) = p**2 + p + 2. Determine u(g).
2
Let t(q) = 6*q**2 + 1. Suppose -7*w = -10 + 17. Give t(w).
7
Let u(s) = -s**2 + 8*s + 3. Let l(f) = 3*f**2 - 17*f - 4. Let z(o) = 2*l(o) + 5*u(o). Calculate z(-6).
7
Let s(b) = b**2 + 7*b + 8. Let d be -10 - -15 - 32/(1 - -3). What is s(d)?
-4
Let q(c) = c + 5*c**2 - 4*c + 561 - 560. Determine q(1).
3
Let m(g) = 4*g - 2. Let t(j) = j + 2. Let h(a) = -m(a) + 5*t(a). Calculate h(-11).
1
Let y(u) = -3*u**3 + 8*u**2 - 5*u - 5. Let k(c) = -5*c**3 + 16*c**2 - 9*c - 10. Let p(n) = 4*k(n) - 7*y(n). Determine p(-8).
3
Suppose 2*v + 2*k - 8 = 0, 5*v + 3*k - 17 = -k. Let u(l) = -63*l. Let w(i) = -7*i. Let y(g) = -3*u(g) + 28*w(g). Give y(v).
-7
Let y(s) = s + 6. Let f(c) = 11*c + 5. Let v be f(-4). Let q = -38 - v. Suppose -q = -a - 7. Give y(a).
0
Suppose 0*x - 2*x = 3*p - 8, 5*x = -5*p + 15. Let a(r) = -1 + 4*r**2 + 9*r**3 - 3*r**3 + 0*r**2 - 5*r**2 + r. Calculate a(x).
5
Let u be (-1)/(((-12)/36)/(11/3)). Let q(g) = u*g + 6*g - 16*g + 8. What is q(-7)?
1
Let g(b) = -4*b + 2. Suppose 34 = 6*f + 64. What is g(f)?
22
Let g = -2669 - -2657. Let b(l) = 4*l + 43. Give b(g).
-5
Let s(m) = -6 + m**2 - 30*m - 32*m + 60*m. Suppose -3*n + 0*n + 15 = 0. Determine s(n).
9
Suppose 52*h - t = 54*h + 11, 4*t = -3*h - 9. Let g(x) = -x**3 - 8*x**2 - 7*x - 8. Give g(h).
-8
Let u(n) be the second derivative of n**3/3 + n**2/2 - 3*n + 9. What is u(0)?
1
Let l(v) = v**2 + 6*v + 8. Let x(a) = -a + 2 - 1 + 0*a + 0*a. Let r(f) = l(f) - x(f). Determine r(-6).
1
Let x(a) be the third derivative of a**6/120 + a**5/30 + a**4/12 + 442*a**2. Determine x(-2).
-4
Suppose -2*a = -3*r - 17, -2*r + 31 = -a + 43. Let z(k) = -k + 1. Calculate z(r).
8
Let y(n) = -4*n + 4. Let j = 122 + -118. Determine y(j).
-12
Let q = 8 + -5. Let o be (-66)/(-6) - (-6)/(4/2). Suppose -5*c = -2*u - 0*c + o, 17 = -q*u - 2*c. Let m(h) = h**2 + h + 2. What is m(u)?
8
Let z(p) be the second derivative of 1/6*p**3 - 4*p + 0 + 0*p**2. What is z(-1)?
-1
Let o(m) = m**2 + 17*m + 37. Let g = -208 - -194. Determine o(g).
-5
Let m be -1*2 - (-24 - 7). Let a = -53 + m. Let s be (-1)/(-6) - 20/a. Let g(y) = 7*y - 1. What is g(s)?
6
Suppose -2*g - 72 = -10*g. Let z(x) = 6*x**2 - 6*x**2 + 8 + x**2 + g*x. Suppose -4*v = -9*v - 40. What is z(v)?
0
Let q(k) = -7*k**2 + 4*k + 3. Let h(t) = -15*t**2 + 8*t + 6. Let x(s) = 6*h(s) - 13*q(s). Let w(b) = -b**2 - 6*b + 5. Let i be w(-6). Give x(i).
2
Let n(t) = t - 3. Let h = 239 + -233. Give n(h).
3
Let p = -57 - -52. Let j(y) = -y**2 - 4*y - 1. Determine j(p).
-6
Let u(f) = 11*f**2 - 5*f + 18. Let y(z) = 3*z**2 - z + 5. Let x(j) = 2*u(j) - 7*y(j). What is x(8)?
41
Suppose -l + 3*i - 4 = -3, 0 = l + 2*i - 4. Let c(o) = 10*o - 656*o**l + 655*o**2 - o - 3. Calculate c(6).
15
Suppose -2*g + 3*x + 9 = -8, -4*x - 18 = 2*g. Suppose -5*y + 22 = 3*m, 0 = -y + g - 2. Let j(d) = -d**2 + 10*d - 11. Give j(m).
-2
Let p(r) be the third derivative of -1/20*r**5 - 5/6*r**3 + 13*r**2 + 0*r + 1/120*r**6 - 1/24*r**4 + 0. Determine p(4).
7
Let u be 116/10 - -1 - (-70)/175. Let s(r) = r**3 - 12*r**2 - 10*r + 12. Calculate s(u).
51
Let c(t) = -t**2 + 3*t + 3. Let i(s) = s**3 - s - 2. Let a be i(2). Suppose -214*w - 4 = -215*w. Suppose -13 = -q - 5*r, -2*r - a = -4*q + w. Calculate c(q).
3
Let r = -132 - -72. Let k be r/(-14) + (-8)/28. Let l(s) = 4 + s - 4 + s**3 - 6 - k. What is l(0)?
-10
Let a(b) = b**2 + b - 2. Let z(o) = o**3 + 4*o**2 - 3. Let f be z(-1). Calculate a(f).
-2
Let s(b) be the third derivative of b**4/8 - b**3/2 - 2*b**2. Let z be -2 - (-3 - -3 - 16). Let r be (-12)/(-7) + z/49. Give s(r).
3
Let i(g) = 17*g - 1. Let u = -9 + -30. Let k = u - -40. Determine i(k).
16
Let l(g) = -5*g**2 + 5*g + 4. Let q(r) = r**2 + r + 1. Let j(p) = -l(p) + 4*q(p). Let b be -4 + 2 + 0 + 1. Let k be b*8/7 + (-36)/(-252). What is j(k)?
10
Let k(i) be the first derivative of i**3/3 + i**2/2 - 397. Calculate k(-3).
6
Let c(d) = -3*d**2 + 4*d**2 + 21*d - 7 - 9*d - 11*d. Calculate c(-5).
13
Let a(r) = 3*r**2 - 6 + r + 5 - 4*r. Let c be a(-1). Let d(s) = s - c + 20 - 9. What is d(-6)?
0
Let k(t) be the first derivative of -t**5/120 - t**4/6 + 2*t**3 + 5. Let a(g) be the third derivative of k(g). Let d = -4 + 1. What is a(d)?
-1
Let g(n) = n**2 + 5*n + 7. Suppose -20*m - 116 = -56. What is g(m)?
1
Let c(t) be the third derivative of -t**6/720 + t**5/120 + t**4/12 - 4*t**2. Let y(v) be the second derivative of c(v). Give y(0).
1
Let p(u) = 5 + 4 - u**2 + 2 - 120*u + 56*u + 53*u. Calculate p(-12).
-1
Let i(l) = -l**3 + 6*l**2 - 5*l. Let d(q) = 6*q + 1. Let c(w) = -11*w - 1. Let f(p) = -4*c(p) - 7*d(p). Let x be f(6). Suppose -5*v + 34 = x. Determine i(v).
0
Let f(z) be the second derivative of -z**4/8 + z**3/2 + 4*z**2 + 5*z. Let g(i) be the first derivative of f(i). What is g(3)?
-6
Suppose -3*v + 12 = -3. Let f(l) be the third derivative of l**6/120 - l**5/12 - l**4/12 + l**3/2 - 3*l**2. Give f(v).
-7
Let j(g) = -g**2. Let t(y) = 2*y**2 + 5*y + 4. Let v be t(-4). Suppose 0 = -3*p + p + v. Suppose 5*z - q + 3 = 0, -p + 2 = 2*z - 2*q. Determine j(z).
0
Let s(v) = -3*v**3 - 6*v**2 - 5*v - 9. Let t(c) = -5*c**3 - 12*c**2 - 10*c - 18. Let q(b) = 4*b - 28. Let h be q(8). Let u(i) = h*t(i) - 7*s(i). What is u(7)?
5
Let i(x) = -2*x**3 + 